 4*y - 6. Determine a(x).
-6
Let f(s) be the first derivative of 3*s**4/4 - s**3/3 + s**2/2 + 4. Determine f(1).
3
Let g(m) = -m + 9. Let q be g(7). Let l(r) = 2*r**3 - 2*r**2 - 2*r + 1. Determine l(q).
5
Let q be 5/10 - 6/(-4). Let k(i) = i**2 - 3*i + 1. Give k(q).
-1
Let d(f) be the third derivative of -1/12*f**5 - 5/6*f**3 + f**2 + 0 - 1/120*f**6 - 1/6*f**4 + 0*f. Let o be 8/3*6/(-4). Determine d(o).
-5
Let n(j) = 4 + j**3 + 2*j**3 - 2*j**3 - j - j**2. Suppose -13 = -3*y + 14. Let w(f) = f**2 - 10*f + 9. Let h be w(y). Give n(h).
4
Let y(b) = 3*b**2 + 2*b - 2. Let x be y(-2). Let c(r) = 25 + 32 + 4*r - 50 - r**2. Calculate c(x).
-5
Suppose -3*a = t + t - 10, -6 = -3*t. Let n(h) = -5*h + 6. Let m(i) = -2*i + 2. Let b(w) = -11*m(w) + 4*n(w). What is b(a)?
6
Let n(z) = z**3 + 6*z**2 - 2*z - 2. Let q be 76/(-12) + (-3)/(-9). Determine n(q).
10
Let i(w) = -5*w + 18*w + 1 - 12*w. Let v be (-2)/(2/(1*-4)). Give i(v).
5
Let k(i) be the third derivative of i**9/30240 + i**8/10080 - i**6/720 - i**5/20 - i**2. Let l(t) be the third derivative of k(t). Give l(-1).
-1
Suppose -5*z + 2*z + 6 = 0. Let j(y) = 3*y**z - 4*y**2 - 1 - 3*y**2 + 5*y**2. Suppose -4*f = -2*f - 2. Determine j(f).
0
Let t(v) = -v + 4*v + 2 - 1 - 6*v. Determine t(-1).
4
Suppose -10 = -q - 2*w, -5*w - 3 - 11 = -4*q. Let s(o) = -o**2 + 1. Let t(f) = f**3 - 6*f**2 - 6*f + 3. Let b(v) = -s(v) + t(v). Give b(q).
2
Let p(s) = s**3 + s + 10. Suppose 2*y + y - 4*a = -8, -2*y - a = -2. Calculate p(y).
10
Suppose 4*x - 3*l = -15, 2*x - x - 4*l = -20. Let a(c) = -5*c - 1. Let y be a(-1). Let p(n) = -4 - y + n + 5. Determine p(x).
-3
Let f(b) be the first derivative of -b**2 + 4*b + 1. Let w be (-8 + 13)*1/(2 + -1). What is f(w)?
-6
Let m(z) be the second derivative of z**4/12 - 7*z**3/6 - z**2/2 - 14*z. Calculate m(7).
-1
Let j(a) = a**3 - 2*a**2. Suppose 2*n + 2*n - 16 = 0. Let w = n - 1. Suppose -5*q - 4*x = -23, 9 + 6 = 3*q + w*x. Determine j(q).
9
Let n(d) be the first derivative of -2*d**3/3 + d**2 - 3*d + 1. Let r(t) = -t**2 - 3*t. Let f be r(-3). Let h = 2 - f. Calculate n(h).
-7
Let q(x) be the first derivative of -10*x**3/3 - x**2 - x + 16. Calculate q(-1).
-9
Let m be (-42)/(-8) + (-1)/4. Let f(q) = -18*q**2 + q**3 + 30*q**2 - 2 + 4*q + 4 + 0*q - 18*q**2. Give f(m).
-3
Let z(v) be the second derivative of 0*v**3 - 1/12*v**4 + 0 + 3/2*v**2 - 2*v. Let u(l) be the first derivative of z(l). Calculate u(-1).
2
Let h(c) = -c + 10. Let g be 1 + (1 - 2)*5. Let b(v) = v + 9. Let p be b(g). Determine h(p).
5
Let k(n) be the third derivative of 0*n + 2/3*n**3 + 0 - 1/4*n**4 + 5*n**2 + 1/60*n**5. Give k(5).
-1
Let c(n) = 3*n - 2*n - 333 + 327. Calculate c(0).
-6
Let j(k) = -312*k - k**2 + 312*k + 2. What is j(4)?
-14
Let f(z) = -3*z - 2. Let k = 18 + -16. Calculate f(k).
-8
Let g(j) = -j + 9. Let z be (-1)/((8/10)/(-4)). Calculate g(z).
4
Let m(t) = -t**2 + 1. Let p be (-12)/20 - 36/(-10). Let b be (-4)/(-2) - (-9 + p). Let f(s) = -s**2 + 8*s - 2. Let a be f(b). What is m(a)?
-3
Let h(f) = f**2 - f - 1. Suppose -23 = 3*u + 5*p, -2 = -2*u - 2*p - 20. Let y = -8 - u. What is h(y)?
5
Let j(q) = -q**2 + 7*q + 8. Suppose 19*u - 14 = 17*u. Calculate j(u).
8
Let y(x) = 2 + 2 + 2 - 3 - 3*x. Let v(a) = 2*a - 4. Let u be v(4). Determine y(u).
-9
Let q(p) = -31*p + 13 + 13*p + 17*p. Give q(8).
5
Let t(l) = -l**3 - 5*l**2 + 6*l + 4. Suppose -m - 3*o = -9, 0*m - 3*m - 2*o - 8 = 0. Calculate t(m).
4
Let t(q) be the third derivative of -q**5/120 + 5*q**4/12 + 7*q**3/6 - 2*q**2. Let x(l) be the first derivative of t(l). Calculate x(0).
10
Let v(u) = u**2 + 1. Let f be (3 - 2) + 2 + 0. Let t(w) = 4*w**2 + 3. Let b(l) = f*v(l) - t(l). Let o be -3 + 3 - (-1 + 1). Give b(o).
0
Let z = 2 - -1. Let y = -2 - -5. Let m(s) = y*s + s - z - 3*s. What is m(-3)?
-6
Let b(j) be the second derivative of j**6/360 - j**5/24 + j**4/8 - j**3/2 - j. Let p(v) be the second derivative of b(v). Give p(4).
-1
Let p = -2 + 4. Let i(z) = z**2 - 2. Let s be i(p). Let m(w) be the first derivative of -w**4/4 + w**3/3 + w**2 - 2*w + 2. Give m(s).
-2
Let g(o) = 4*o**3 + 2*o**2 - 2*o + 18. Let d(u) = -7*u**3 - 3*u**2 + 3*u - 35. Let q(z) = -3*d(z) - 5*g(z). What is q(0)?
15
Let c(p) be the second derivative of -5*p**3/6 - p**2/2 + 12*p. Calculate c(-1).
4
Suppose -3*k + 21 = -5*z, -4*z - 6 - 4 = k. Let l(b) = -3 - k + 3*b + 0. Let o(m) = -m**2 + 7*m - 2. Let g be o(6). What is l(g)?
7
Let g(d) = -3*d**2 + 2*d + 1. Suppose 0 = 16*f - 17*f + 7. Suppose -5*u - 11 = 3*i, -3*u + f*u + i = -6. Give g(u).
-4
Suppose -2*a + 5*w = -18, 0*a + a - 16 = -w. Suppose 3*v = a + 4. Let d be (0 - v/(-4))*-2. Let m(f) = -f**3 - 2*f**2 + 5*f + 2. Determine m(d).
-4
Let z(k) = k**2 + 2*k - 3. Let c be 2/1*4*5/20. Determine z(c).
5
Suppose -6 = -4*b - 3*u, 2*b + 0*b - u = 8. Let j(x) = -2 - x**b - 2 + 2 + 3 + x. Give j(-1).
1
Let z(m) = m**2 - 11*m + 30. Let y be z(6). Let c(h) = h - 1. Give c(y).
-1
Let y = 12 + -2. Let g(z) be the second derivative of z**4/6 + z**3/3 + z**2 + 2*z. Let t(r) = -3*r**2 - 4*r - 3. Let i(a) = y*g(a) + 6*t(a). Determine i(2).
2
Let k(x) = -16*x**2 - 1 - 5*x + 0*x + 5*x. Give k(1).
-17
Let h = 17 - 19. Let g(c) = -c**3 - c**2 - 2*c + 1. Give g(h).
9
Suppose -2*k + 2 - 4 = 0. Let o be (-180)/(-22) + (-6)/33. Let w(q) = q - 8 + o*q**2 + 8. Determine w(k).
7
Let m be (16/12)/((-4)/18). Let d(i) be the second derivative of -i**3/6 - 4*i**2 - 7*i. Give d(m).
-2
Let a = 161 + -166. Let g(c) = 5*c - 12. Let i(z) = 3*z - 6. Let t(s) = 4*g(s) - 7*i(s). Calculate t(a).
-1
Let o(d) = -d**3 + 4*d**2 - 4*d + 3. Let p be o(3). Let s(y) = -y**2 - 1. Give s(p).
-1
Let f(a) = 3*a**2 + 10*a - 10. Let m(s) = 13*s**2 + 41*s - 41. Let u(o) = 9*f(o) - 2*m(o). What is u(-7)?
-15
Let k(h) = 2*h - 3. Let g be k(9). Suppose c - g = -4*c. Let z(m) = -8*m - 2*m**2 + 2*m + m + m**3 + 2. What is z(c)?
-4
Let f(j) = 2*j. Let m(d) = d**3 - 10*d**2 + 11*d - 22. Let t be m(9). Give f(t).
-8
Let b(z) = z**3 + z**2 - 4*z - 2. Let h(o) = o**2 - 10*o - 3. Let a be h(10). What is b(a)?
-8
Let c be 3*(-15)/9 + 2. Let b(g) = -g**3 - 3*g**2 + g - 1. What is b(c)?
-4
Let h(o) = o. Let p be (-18)/4*(-2 + 16/6). Calculate h(p).
-3
Suppose 0 + 15 = -4*n - 3*s, 5*n - 4*s + 11 = 0. Let a(c) be the second derivative of c**3/6 - c**2/2 + 30*c. Give a(n).
-4
Let l(b) = -b - 6. Let k be l(-9). Let j(v) be the third derivative of v**5/30 - v**4/6 + v**3/2 - v**2. Give j(k).
9
Suppose -254*i - 2 = -256*i. Let d(q) = -q**3 + q**2. Give d(i).
0
Let d(q) = -q**3 + 4*q**2 - 3*q. Let t(l) = 2*l - 1. Let y be t(2). Suppose 0 = -5*b + y + 2. Suppose 0 = u - k - b, -k = 2*k - 3. Give d(u).
2
Let v(y) = 7*y. Let i = 0 + 2. Let t be (-2)/i + 3/3. Let q be (-1 - -2)*(t - -1). Give v(q).
7
Let o = -4 - -5. Let n(d) = -4*d**3 - d**2 + d. What is n(o)?
-4
Let u(q) = -10*q + 1. Let d be -2*-2*(-1)/(-2) + 0. Give u(d).
-19
Let b(n) = -n**3 - 3*n**2. Let g = -16 - -13. Calculate b(g).
0
Suppose i = 3*i - 10. Suppose -1 = -f - i. Let v(h) = -h**3 - 4*h**2 - 5. Calculate v(f).
-5
Let i be 1/7 - 80/(-28). Let p(d) = 2*d**2 - 4*d. What is p(i)?
6
Suppose 0 = -2*p + 12 - 2. Suppose -q + p*q = 0. Let d(b) = b**3 + b**2 + b + 4. Give d(q).
4
Let j(g) = -g**3 - 2. Suppose 5*i + 33 = -2*l + 6*l, 2*l + 5*i = -21. Determine j(l).
-10
Let m(a) = 77*a + 2 - 83*a + a**2 - 3. What is m(3)?
-10
Let k(t) be the first derivative of t**4/4 + t**2/2 - 6*t - 11. Give k(0).
-6
Suppose -5*q - 21 = 4. Let w(l) = l**3 + 5*l**2 - 3. Calculate w(q).
-3
Let w(u) = 0*u**2 - 5*u - u - u**2 - 10. Let b be w(-5). Let d(j) = 6*j**2 + 5*j + 0*j**3 + j**3 - 1 + 0. Determine d(b).
-1
Let f(j) = -j - 1. Let c(s) = -s. Let g(w) = c(w) - 2*f(w). Calculate g(-6).
-4
Let r(f) = -f**2 - 2*f - 1. Let l(u) = 2*u + 9. Let m be l(-3). Suppose m*v + 8 = n - 4, 0 = -n. Give r(v).
-9
Let c(j) = j + 3. Let p be c(0). Let x(b) = b - b + 3*b**2 + b**2 + 3*b + b**p. Give x(-2).
2
Suppose 0 = 3*d + 3*h - 3, 5*h + 8 = 3*h. Let o(b) = b**2 - 4*b + 1. What is o(d)?
6
Let b(y) = y**2 + 3*y. Let d = -9 - -5. Give b(d).
4
Let b = 7 - 5. Suppose -25 = 5*j, 5*j = -b*d - 3*d - 35. Let l(u) = -u - 2. Calculate l(d).
0
Let c(n) be the second derivative of -n**4/12 - n**3 - 3*n**2/2 - 29*n - 1. Suppose 5*w + 3*u + 10 = -u, w = -4*u + 14. Determine c(w).
-3
Let u(t)